{"id":200,"date":"2017-06-07T16:57:05","date_gmt":"2017-06-07T14:57:05","guid":{"rendered":"http:\/\/fw.walter-kilian.de\/?page_id=200"},"modified":"2018-09-03T11:12:35","modified_gmt":"2018-09-03T09:12:35","slug":"freie-waehler-wahlprogramm-2","status":"publish","type":"page","link":"https:\/\/walter-kilian.de\/wpfw\/?page_id=200","title":{"rendered":"FREIE W\u00c4HLER Wahlprogramm"},"content":{"rendered":"<h2 style=\"text-align: center;\"><a href=\"https:\/\/www.freie-waehler-bayern.de\/fileadmin\/user_upload\/Dokumente\/FW_Broschuere_Wahlprogramm_A6_v2_WEB.pdf\"><img loading=\"lazy\" decoding=\"async\" class=\"aligncenter wp-image-323 size-full\" src=\"https:\/\/walter-kilian.de\/wpfw\/wp-content\/uploads\/2018\/09\/csm_Wahlprogramm_FW_Bayern_8453b04751.jpg\" alt=\"\" width=\"600\" height=\"427\" srcset=\"https:\/\/walter-kilian.de\/wpfw\/wp-content\/uploads\/2018\/09\/csm_Wahlprogramm_FW_Bayern_8453b04751.jpg 600w, https:\/\/walter-kilian.de\/wpfw\/wp-content\/uploads\/2018\/09\/csm_Wahlprogramm_FW_Bayern_8453b04751-300x214.jpg 300w\" sizes=\"auto, (max-width: 600px) 85vw, 600px\" \/><\/a><\/h2>\n<hr \/>\n<h2 style=\"text-align: center;\">Wahlprogramm<br \/>\nder FREIE W\u00c4HLER Bundesvereinigung<br \/>\nzur Bundestagswahl 2017<\/h2>\n<p style=\"text-align: center;\"><img loading=\"lazy\" decoding=\"async\" class=\"alignnone wp-image-195 size-full\" src=\"https:\/\/walter-kilian.de\/wpfw\/wp-content\/uploads\/2017\/06\/anstaendige_alternative.png\" alt=\"\" width=\"768\" height=\"302\" srcset=\"https:\/\/walter-kilian.de\/wpfw\/wp-content\/uploads\/2017\/06\/anstaendige_alternative.png 768w, https:\/\/walter-kilian.de\/wpfw\/wp-content\/uploads\/2017\/06\/anstaendige_alternative-300x118.png 300w\" sizes=\"auto, (max-width: 768px) 85vw, 768px\" \/><\/p>\n<p style=\"text-align: center;\"><strong>Ehrlichkeit, Anstand und N\u00e4he &#8211; Die solide Partei der B\u00fcrger<\/strong><\/p>\n<p>Partei der B\u00fcrger, die sich die Zukunftsf\u00e4higkeit unseres Landes auf die Fahnen geschrieben hat. Dessen zunehmende Spaltung muss \u00fcberwunden und unsere Gesellschaft wieder zusammengef\u00fchrt werden.<br \/>\nWir FREIE W\u00c4HLER entstammen einer kommunalpolitischen Bewegung, deren Geschichte in Deutschland bis zu den Wurzeln der Bonner Republik in die neunzehnhundertf\u00fcnfziger Jahre zur\u00fcckgeht. Nach Jahrzehnten der Arbeit in den St\u00e4dten und Gemeinden, den Grunds\u00e4ulen unseres Staats, haben wir uns im Jahr 2009 aufgemacht eine Partei zu schaffen, die in der Tradition der Werte aus den Anf\u00e4ngen unserer Republik Antworten auf die Ver\u00e4nderungen unserer Zeit bietet. In unserer politischen DNA haben wir diese Werte konserviert und sind damit das glaubw\u00fcrdige Gegenmodell zu den Parteiapparaten des heutigen Berlins.<br \/>\nWir sind eine moderne, liberal-konservative B\u00fcrgerbewegung der Vernunft und des gesunden Menschenverstands. Wir sind der Garant f\u00fcr Sicherheit, Stabilit\u00e4t und Ordnung. F\u00fcr die FREIEN W\u00c4HLER sind Ehrlichkeit, Anstand und Aufrichtigkeit im \u00f6ffentlichen Leben und der Wirtschaft unverzichtbar. Ein Leben in Sicherheit sowie das Streben nach Wohlstand und Gl\u00fcck sind Grundbed\u00fcrfnisse der Menschen und damit Auftrag unserer Politik.<br \/>\nIn der politischen Praxis im Parlament folgen wir daher konsequent den folgenden Werten:<\/p>\n<ul>\n<li><strong>Gemeinschaft und Respekt<\/strong><br \/>\nEine Gesellschaft ist mehr als eine lose Ansammlung von r\u00fccksichtslosen Individualisten. Unser Ziel ist eine solidarische Gesellschaft, in der Respekt vor der Freiheit eines jeden Einzelnen herrscht, aber auch Respekt vor den Werten der Mehrheitsgesellschaft. Wir m\u00fcssen Parallelgesellschaften mit einem Einwanderungsgesetz vorbeugen. Menschen m\u00fcssen im Alter ihre W\u00fcrde behalten, dazu braucht es ausk\u00f6mmliche Renten und ein hochwertiges Pflegeangebot.<\/li>\n<li><strong>Anstand und Ordnung<\/strong><br \/>\nEine Gesellschaft, eine Volkswirtschaft und ein politisches System k\u00f6nnen ohne Sitte und Ordnung nicht funktionieren. Wir brauchen anst\u00e4ndige und aufrichtige Menschen in den Spitzenpositionen in unserem Land. Exzessen muss entgegengewirkt werden. Es braucht eine Begrenzung von unanst\u00e4ndig hohen Managergeh\u00e4ltern, eine wirksame Finanzmarktregulierung und Unvereinbarkeitsregelungen f\u00fcr den direkten Wechsel von politischen Amtstr\u00e4gern in die Wirtschaft. Au\u00dferdem muss das Prinzip \u201ePacta sunt servanda \u2013 Vertr\u00e4ge sind einzuhalten\u201c in Wirtschaft und Politik wieder gelten, insbesondere auf europ\u00e4ischer Ebene.<\/li>\n<li><strong>Sicherheit und Stabilit\u00e4t<\/strong><br \/>\nInternationaler Terrorismus, Finanzkrise, Ukrainekrise, Fl\u00fcchtlingskrise \u2013 die Ausnahmezust\u00e4nde l\u00f6sen sich nur noch ab, Normalit\u00e4t geht verloren. Die Bev\u00f6lkerung sehnt sich nach Sicherheit und Stabilit\u00e4t im Inneren und nach au\u00dfen. Es braucht endlich wieder bedarfsgerecht ausger\u00fcstete Einsatzkr\u00e4fte und eine funktionierende Justiz. Unsere Au\u00dfenpolitik muss st\u00e4rker auf wirtschaftliche Zusammenarbeit zur \u00dcberwindung von Gr\u00e4ben und zur Sicherung von Frieden setzen. Die Sicherheitslage auf der Welt macht es aber auch notwendig, wieder eine funktionierende Verteidigungsarmee zu haben.<br \/>\nWir wollen ein soziales Jahr f\u00fcr alle einf\u00fchren. Dies ist durch echte Wahlfreiheit zwischen Zivil- und Wehrdienst zu erreichen.<\/li>\n<li><strong>Ehrlichkeit und Flei\u00df<\/strong><br \/>\nUnsere Wirtschaft funktioniert, weil der aufrichtige Kaufmann, der Handwerksmeister, der stolze Industriearbeiter und viele mehr sich mit Ehrlichkeit und Flei\u00df einbringen und unseren Wohlstand m\u00fchsam erarbeiten. Wir wollen die Anerkennung f\u00fcr solide Wertsch\u00f6pfung in der Gesellschaft steigern und die n\u00f6tige Verkehrsinfrastruktur f\u00fcr eine erfolgreiche Volkswirtschaft st\u00e4rken. Wir stehen zum Lohnabstandsgebot, guten L\u00f6hnen und der Tarifautonomie. Wer arbeitet, darf in Deutschland nicht der Dumme sein.<\/li>\n<li><strong>Familie und Ehe<\/strong><br \/>\nDie Familie ist der Ort der Sicherheit und Geborgenheit und gibt im Alltag einen festen Halt. Wir wollen jungen Menschen erm\u00f6glichen, sich auch in der heutigen Zeit bewusst f\u00fcr Familie und Ehe zu entscheiden. Deswegen stehen wir f\u00fcr eine kostenfreie Kinderbetreuung und der Privilegierung von Ehe und Familie. Wir lehnen eine unangemessene staatliche Einflussnahme auf Erziehungsentscheidungen der Eltern und Sorgeberechtigten ab.<\/li>\n<li><strong>Demokratie und B\u00fcrgertum<\/strong><br \/>\nWir wollen die Kluft zwischen Zuschauerdemokratie und dem Streben nach unmittelbarer politischer Beteiligung schlie\u00dfen. Daher fordern wir die Direktwahl des Bundespr\u00e4sidenten und Volksentscheide auf Bundesebene. Diese direktdemokratischen Elemente beleben unsere repr\u00e4sentative Demokratie, ohne sie dabei zu ersetzen. Volksentscheide halten Parlamentarier dazu an, bereits in ihrer Gesetzgebung ein hohes<br \/>\nMa\u00df an B\u00fcrgerbeteiligung zu gew\u00e4hrleisten. Wir verfolgen das Ideal des aufgekl\u00e4rten, m\u00fcndigen und humanistischen B\u00fcrgers und haben daher vor seiner direktdemokratischen Entscheidung gro\u00dfen Respekt.<\/li>\n<li><strong>Region und Heimat<\/strong><br \/>\nLokal verwurzelte Menschen sind gl\u00fcckliche Menschen. Wir stehen daher f\u00fcr starke Regionen, ehrenamtliches Engagement und eine intakte Heimat. Deswegen treten wir f\u00fcr die F\u00f6rderung der lokalen Wirtschaft, solide Kommunalfinanzen und eine fl\u00e4chendeckende b\u00e4uerliche Landwirtschaft ein. Wir lehnen die Privatisierung der \u00f6ffentlichen Daseinsvorsorge (Wasser, Krankenh\u00e4user, Entsorgung, \u00d6PNV u.v.m.) konsequent ab. Stabile Gemeinden, St\u00e4dte und Kreise sind ein Garant f\u00fcr eine lebenswerte Heimat.<\/li>\n<\/ul>\n<p>Vor dem Hintergrund dieser Schwerpunktsetzungen wurde das Programm \u201eDie anst\u00e4ndige Alternative\u201c am 18. M\u00e4rz 2017 auf dem Hambacher Schloss verabschiedet.Vor dem Hintergrund dieser Schwerpunktsetzungen wurde das Programm \u201eDie anst\u00e4ndige Alternative\u201c am 18. M\u00e4rz 2017 auf dem Hambacher Schloss verabschiedet.<\/p>\n<hr \/>\n<div>\n<div style=\"text-align: center;\"><strong><a href=\"https:\/\/www.die-anstaendige-alternative.de\/\">www.die-anstaendige-alternative.de<\/a><\/strong><\/div>\n<\/div>\n<h4 id=\"spr_menue\" style=\"text-align: center;\">Vollst\u00e4ndiges Wahlprogramm als PDF:<a href=\"https:\/\/walter-kilian.de\/wpfw\/download\/FW_Wahlprogramm_2017.pdf\"><img loading=\"lazy\" decoding=\"async\" class=\"size-medium wp-image-203 aligncenter\" src=\"https:\/\/walter-kilian.de\/wpfw\/wp-content\/uploads\/2017\/06\/btn_download-300x121.jpg\" alt=\"\" width=\"300\" height=\"121\" srcset=\"https:\/\/walter-kilian.de\/wpfw\/wp-content\/uploads\/2017\/06\/btn_download-300x121.jpg 300w, https:\/\/walter-kilian.de\/wpfw\/wp-content\/uploads\/2017\/06\/btn_download.jpg 317w\" sizes=\"auto, (max-width: 300px) 85vw, 300px\" \/><\/a><\/h4>\n","protected":false},"excerpt":{"rendered":"<p>Wahlprogramm der FREIE W\u00c4HLER Bundesvereinigung zur Bundestagswahl 2017 Ehrlichkeit, Anstand und N\u00e4he &#8211; Die solide Partei der B\u00fcrger Partei der B\u00fcrger, die sich die Zukunftsf\u00e4higkeit unseres Landes auf die Fahnen geschrieben hat. Dessen zunehmende Spaltung muss \u00fcberwunden und unsere Gesellschaft wieder zusammengef\u00fchrt werden. Wir FREIE W\u00c4HLER entstammen einer kommunalpolitischen Bewegung, deren Geschichte in Deutschland bis &hellip; <a href=\"https:\/\/walter-kilian.de\/wpfw\/?page_id=200\" class=\"more-link\"><span class=\"screen-reader-text\">\u201eFREIE W\u00c4HLER Wahlprogramm\u201c <\/span>weiterlesen<\/a><\/p>\n","protected":false},"author":1,"featured_media":0,"parent":0,"menu_order":0,"comment_status":"closed","ping_status":"closed","template":"","meta":{"footnotes":""},"class_list":["post-200","page","type-page","status-publish","hentry"],"_links":{"self":[{"href":"https:\/\/walter-kilian.de\/wpfw\/index.php?rest_route=\/wp\/v2\/pages\/200","targetHints":{"allow":["GET"]}}],"collection":[{"href":"https:\/\/walter-kilian.de\/wpfw\/index.php?rest_route=\/wp\/v2\/pages"}],"about":[{"href":"https:\/\/walter-kilian.de\/wpfw\/index.php?rest_route=\/wp\/v2\/types\/page"}],"author":[{"embeddable":true,"href":"https:\/\/walter-kilian.de\/wpfw\/index.php?rest_route=\/wp\/v2\/users\/1"}],"replies":[{"embeddable":true,"href":"https:\/\/walter-kilian.de\/wpfw\/index.php?rest_route=%2Fwp%2Fv2%2Fcomments&post=200"}],"version-history":[{"count":10,"href":"https:\/\/walter-kilian.de\/wpfw\/index.php?rest_route=\/wp\/v2\/pages\/200\/revisions"}],"predecessor-version":[{"id":325,"href":"https:\/\/walter-kilian.de\/wpfw\/index.php?rest_route=\/wp\/v2\/pages\/200\/revisions\/325"}],"wp:attachment":[{"href":"https:\/\/walter-kilian.de\/wpfw\/index.php?rest_route=%2Fwp%2Fv2%2Fmedia&parent=200"}],"curies":[{"name":"wp","href":"https:\/\/api.w.org\/{rel}","templated":true}]}}