{"id":257,"date":"2018-05-02T15:20:16","date_gmt":"2018-05-02T13:20:16","guid":{"rendered":"http:\/\/fw.walter-kilian.de\/?page_id=257"},"modified":"2018-09-02T15:06:29","modified_gmt":"2018-09-02T13:06:29","slug":"landtagswahl-bayern-2018","status":"publish","type":"page","link":"https:\/\/walter-kilian.de\/wpfw\/?page_id=257","title":{"rendered":"Landtagswahl Bayern 2018"},"content":{"rendered":"<h2 style=\"text-align: center;\">Landtagswahl Bayern 2018<\/h2>\n<p><img loading=\"lazy\" decoding=\"async\" class=\"aligncenter wp-image-311 size-full\" src=\"https:\/\/walter-kilian.de\/wpfw\/wp-content\/uploads\/2018\/09\/Flyer_IMG_20180824_112352-e1535893411350.jpg\" alt=\"\" width=\"1728\" height=\"3072\" srcset=\"https:\/\/walter-kilian.de\/wpfw\/wp-content\/uploads\/2018\/09\/Flyer_IMG_20180824_112352-e1535893411350.jpg 1728w, https:\/\/walter-kilian.de\/wpfw\/wp-content\/uploads\/2018\/09\/Flyer_IMG_20180824_112352-e1535893411350-169x300.jpg 169w, https:\/\/walter-kilian.de\/wpfw\/wp-content\/uploads\/2018\/09\/Flyer_IMG_20180824_112352-e1535893411350-768x1365.jpg 768w, https:\/\/walter-kilian.de\/wpfw\/wp-content\/uploads\/2018\/09\/Flyer_IMG_20180824_112352-e1535893411350-576x1024.jpg 576w, https:\/\/walter-kilian.de\/wpfw\/wp-content\/uploads\/2018\/09\/Flyer_IMG_20180824_112352-e1535893411350-1200x2133.jpg 1200w\" sizes=\"auto, (max-width: 709px) 85vw, (max-width: 909px) 67vw, (max-width: 1362px) 62vw, 840px\" \/><\/p>\n<p><img loading=\"lazy\" decoding=\"async\" class=\"aligncenter wp-image-301 size-full\" src=\"https:\/\/walter-kilian.de\/wpfw\/wp-content\/uploads\/2018\/09\/FW_Facebook_Themenplakate_750x750_v110.jpg\" alt=\"\" width=\"1823\" height=\"1823\" srcset=\"https:\/\/walter-kilian.de\/wpfw\/wp-content\/uploads\/2018\/09\/FW_Facebook_Themenplakate_750x750_v110.jpg 1823w, https:\/\/walter-kilian.de\/wpfw\/wp-content\/uploads\/2018\/09\/FW_Facebook_Themenplakate_750x750_v110-150x150.jpg 150w, https:\/\/walter-kilian.de\/wpfw\/wp-content\/uploads\/2018\/09\/FW_Facebook_Themenplakate_750x750_v110-300x300.jpg 300w, https:\/\/walter-kilian.de\/wpfw\/wp-content\/uploads\/2018\/09\/FW_Facebook_Themenplakate_750x750_v110-768x768.jpg 768w, https:\/\/walter-kilian.de\/wpfw\/wp-content\/uploads\/2018\/09\/FW_Facebook_Themenplakate_750x750_v110-1024x1024.jpg 1024w, https:\/\/walter-kilian.de\/wpfw\/wp-content\/uploads\/2018\/09\/FW_Facebook_Themenplakate_750x750_v110-1200x1200.jpg 1200w\" sizes=\"auto, (max-width: 709px) 85vw, (max-width: 909px) 67vw, (max-width: 1362px) 62vw, 840px\" \/><\/p>\n<p style=\"text-align: center;\"><img loading=\"lazy\" decoding=\"async\" class=\"size-medium wp-image-261 alignleft\" src=\"https:\/\/walter-kilian.de\/wpfw\/wp-content\/uploads\/2018\/05\/Nominierung-Landtag_2_-2018-251x300.jpg\" alt=\"\" width=\"251\" height=\"300\" srcset=\"https:\/\/walter-kilian.de\/wpfw\/wp-content\/uploads\/2018\/05\/Nominierung-Landtag_2_-2018-251x300.jpg 251w, https:\/\/walter-kilian.de\/wpfw\/wp-content\/uploads\/2018\/05\/Nominierung-Landtag_2_-2018.jpg 387w\" sizes=\"auto, (max-width: 251px) 85vw, 251px\" \/><\/p>\n<div>\n<div><span style=\"font-size: 10pt;\">Stellungnahme zu meiner Nominierung auf der Liste des Bezirkes Niederbayern (Platz 17):<\/span><\/div>\n<p>&nbsp;<\/p>\n<div>Ich bin FREIER W\u00c4HLER.<\/div>\n<div>weil sich FREIE W\u00c4HLER nie nur mit sich selbst besch\u00e4ftigen, was sicherlich vor einer Landtagswahl nicht immer einfach ist.<\/div>\n<div>Wir FREIE W\u00c4HLER leben Demokratie, wir betrachten unser politisches Tun nachhaltig und beziehen den Menschen ein, auf allen Ebenen.<\/div>\n<div>Mit dieser Kandidatur verbinde ich vor allem eine Verpflichtung: n\u00e4mlich die Verpflichtung den Wahlkampf so zu unterst\u00fctzen, dass\u00a0 wir alle zusammen einen historischen Wahlerfolg f\u00fcr die FREIE W\u00c4HLER erreichen werden.<\/div>\n<div>Ich habe es satt, dass sich auch in unserem Land immer st\u00e4rker ein System der Mehrheitsautokratie durchsetzt. Dies k\u00f6nnen und werden wir FREIE W\u00c4HLER verhindern.<\/div>\n<div>\n<p>Ich bin bereits seit fast 10 Jahren unterst\u00fctzend ein Teamplayer f\u00fcr unsere Landtagsfraktion als Verbindung zur Basis der\u00a0Gesundheitspolitik mit dem AK Gesundheit\/Pflege des Landesverbandes. Ich konnte dadurch einen sehr guten Einblick in die Arbeit unserer Fraktion und des gesamten Bayerischen Landtages erhalten &#8211; diese Alleinherrschaft der CSU ist nicht nur\u00a0erschreckend, sondern auch wegen einer \u00fcberzogenen Arroganz, die meist bei zu viel Alleinherrschaft entsteht, unertr\u00e4glich geworden.<\/p>\n<h5>Demokratie muss vielf\u00e4ltig sein, vielf\u00e4ltig an Themen und nat\u00fcrlich auch vielf\u00e4ltig an L\u00f6sungsfindungen. Diese\u00a0Vielfalt bedeutet auch Freiheit.<br \/>\nDemokratie darf nie eine Mehrheitsautokratie sein, die unsere Freiheit einschr\u00e4nkt und gef\u00e4hrdet!<\/h5>\n<p>Weil wir an unkomplizierten L\u00f6sungen mit vern\u00fcnftigem Menschenverstand arbeiten, werde ich mit dieser Kandidatur die bisher\u00a0sehr erfolgreiche FREIE W\u00c4HLER Arbeit noch st\u00e4rker vorantreiben und sehe als vorrangige Wahlkampfaufgabe beiden Direktkandidaten aus dem Raum Landshut, unsere Landtagsabgeordneten Jutta Widmann und Hubert Aiwanger mit besonderem\u00a0Einsatz zu unterst\u00fctzen und damit ein historisches Wahlergebnis f\u00fcr die FREIEN W\u00c4HLER zu erm\u00f6glichen.<\/p>\n<\/div>\n<div>Mir ist es besonders wichtig, die Erfolge der FREIE W\u00c4HLER Landtagsfraktion fortzuf\u00fchren und auszubauen, auf allen Ebenen unseres Landes Bayern, unseres Bezirkes Niederbayern und meiner Stadt Landshut.<\/div>\n<div>Mit einer Fortf\u00fchrung einer absoluten Mehrheitsregierung der CSU w\u00fcrden die B\u00fcrger, w\u00fcrden die kleinen Unternehmer, der<\/div>\n<div>Landwirt, w\u00fcrde auch die Medizin mit einer Versorgung im l\u00e4ndlichen Wohnbereich und nicht zuletzt w\u00fcrde auch unsere Bildung mit unseren Werten auf der Strecke bleiben.<\/div>\n<div>Dies sind alles fundamentale Themen der FREIE W\u00c4HLER, damit werden wir bei dieser Wahl gewinnen.<\/div>\n<h5>Unsere gute und vorbildliche Demokratie braucht mehr liberale b\u00fcrgerliche Mitte<\/h5>\n<div><\/div>\n<div style=\"text-align: center;\"><img loading=\"lazy\" decoding=\"async\" class=\"aligncenter wp-image-262 size-full\" src=\"https:\/\/walter-kilian.de\/wpfw\/wp-content\/uploads\/2018\/05\/Nominierung-Landtag_5_-2018.jpg\" alt=\"\" width=\"970\" height=\"748\" srcset=\"https:\/\/walter-kilian.de\/wpfw\/wp-content\/uploads\/2018\/05\/Nominierung-Landtag_5_-2018.jpg 970w, https:\/\/walter-kilian.de\/wpfw\/wp-content\/uploads\/2018\/05\/Nominierung-Landtag_5_-2018-300x231.jpg 300w, https:\/\/walter-kilian.de\/wpfw\/wp-content\/uploads\/2018\/05\/Nominierung-Landtag_5_-2018-768x592.jpg 768w\" sizes=\"auto, (max-width: 709px) 85vw, (max-width: 909px) 67vw, (max-width: 1362px) 62vw, 840px\" \/><\/div>\n<\/div>\n<p>&nbsp;<\/p>\n","protected":false},"excerpt":{"rendered":"<p>Landtagswahl Bayern 2018 Stellungnahme zu meiner Nominierung auf der Liste des Bezirkes Niederbayern (Platz 17): &nbsp; Ich bin FREIER W\u00c4HLER. weil sich FREIE W\u00c4HLER nie nur mit sich selbst besch\u00e4ftigen, was sicherlich vor einer Landtagswahl nicht immer einfach ist. Wir FREIE W\u00c4HLER leben Demokratie, wir betrachten unser politisches Tun nachhaltig und beziehen den Menschen ein, &hellip; <a href=\"https:\/\/walter-kilian.de\/wpfw\/?page_id=257\" class=\"more-link\"><span class=\"screen-reader-text\">\u201eLandtagswahl Bayern 2018\u201c <\/span>weiterlesen<\/a><\/p>\n","protected":false},"author":1,"featured_media":0,"parent":0,"menu_order":0,"comment_status":"closed","ping_status":"closed","template":"","meta":{"footnotes":""},"class_list":["post-257","page","type-page","status-publish","hentry"],"_links":{"self":[{"href":"https:\/\/walter-kilian.de\/wpfw\/index.php?rest_route=\/wp\/v2\/pages\/257","targetHints":{"allow":["GET"]}}],"collection":[{"href":"https:\/\/walter-kilian.de\/wpfw\/index.php?rest_route=\/wp\/v2\/pages"}],"about":[{"href":"https:\/\/walter-kilian.de\/wpfw\/index.php?rest_route=\/wp\/v2\/types\/page"}],"author":[{"embeddable":true,"href":"https:\/\/walter-kilian.de\/wpfw\/index.php?rest_route=\/wp\/v2\/users\/1"}],"replies":[{"embeddable":true,"href":"https:\/\/walter-kilian.de\/wpfw\/index.php?rest_route=%2Fwp%2Fv2%2Fcomments&post=257"}],"version-history":[{"count":8,"href":"https:\/\/walter-kilian.de\/wpfw\/index.php?rest_route=\/wp\/v2\/pages\/257\/revisions"}],"predecessor-version":[{"id":312,"href":"https:\/\/walter-kilian.de\/wpfw\/index.php?rest_route=\/wp\/v2\/pages\/257\/revisions\/312"}],"wp:attachment":[{"href":"https:\/\/walter-kilian.de\/wpfw\/index.php?rest_route=%2Fwp%2Fv2%2Fmedia&parent=257"}],"curies":[{"name":"wp","href":"https:\/\/api.w.org\/{rel}","templated":true}]}}