{"id":71,"date":"2017-04-23T19:40:10","date_gmt":"2017-04-23T17:40:10","guid":{"rendered":"http:\/\/walter-kilian.de\/wpfw\/?page_id=71"},"modified":"2018-09-02T16:07:10","modified_gmt":"2018-09-02T14:07:10","slug":"private-einblicke","status":"publish","type":"page","link":"https:\/\/walter-kilian.de\/wpfw\/?page_id=71","title":{"rendered":"private Einblicke"},"content":{"rendered":"<h2>private Einblicke<\/h2>\n<p><img loading=\"lazy\" decoding=\"async\" class=\"size-medium wp-image-72 aligncenter\" src=\"https:\/\/walter-kilian.de\/wpfw\/wp-content\/uploads\/2017\/04\/Bild_02_2-214x300.jpg\" alt=\"\" width=\"214\" height=\"300\" srcset=\"https:\/\/walter-kilian.de\/wpfw\/wp-content\/uploads\/2017\/04\/Bild_02_2-214x300.jpg 214w, https:\/\/walter-kilian.de\/wpfw\/wp-content\/uploads\/2017\/04\/Bild_02_2-768x1075.jpg 768w, https:\/\/walter-kilian.de\/wpfw\/wp-content\/uploads\/2017\/04\/Bild_02_2-731x1024.jpg 731w, https:\/\/walter-kilian.de\/wpfw\/wp-content\/uploads\/2017\/04\/Bild_02_2-1200x1680.jpg 1200w\" sizes=\"auto, (max-width: 214px) 85vw, 214px\" \/><\/p>\n<p><strong><em>Lebenslauf:<\/em><\/strong><\/p>\n<ul>\n<li>geboren am 09.09.1964 in M\u00fcnchen<\/li>\n<li>eingeschult in Landshut Berg<\/li>\n<li>Schulabschluss Mittlere Reife in Realschule der Ursulinen in Landshut<\/li>\n<li>Staatsexamen nach Berufsfachschule f\u00fcr Masseure und medizinische Bademeister in Pfarrkirchen<br \/>\n(Zweckverband Bad Birnbach)<\/li>\n<li>angestellte Besch\u00e4ftigung als Masseurin und med. Bademeisterin in Bad Reichenhall, in Starnberg und Landshut<\/li>\n<li>Seit 1990 selbstst\u00e4ndig mit eigener Praxis f\u00fcr Physikalische Therapie in Landshut\/Ergolding<\/li>\n<li>gl\u00fccklich verheiratet mit J\u00f6rg Walter (seit 1994)<\/li>\n<\/ul>\n<p><em>Politische Ehren\u00e4mter bei den FREIEN W\u00c4HLERN:<\/em><br \/>\n<em>Stellv. Vorsitzende Stadtverband Landshut e.V.,<\/em><br \/>\n<em>Vorsitzende Arbeitskreis Gesundheit\/Pflege Landesverband Bayern,<\/em><br \/>\n<em>stellv. Vorsitzende Bundesfachausschuss Gesundheit\/Pflege Bundesvereinigung,<\/em><br \/>\n<em>Delegierte im L\u00e4nderrat der Bundesvereinigung,<\/em><br \/>\n<em>Beisitzerin Bundesschiedsgericht Bundesvereinigung<\/em><br \/>\n<em>Kandidatin Bundestagswahl 2017<\/em><\/p>\n<p>Weitere Ehren\u00e4mter und sonstige Funktionen:<\/p>\n<ul>\n<li>Ehrenvorsitzende Sch\u00fctzenverein (SLG Landshut)<\/li>\n<li>Vorsitzende Verein &#8222;Pinnawela-Hilfe Lucky Sama&#8220; (F\u00f6rderverein f\u00fcr Elefantenwaisenhaus in Sri Lanka, T\u00e4tigkeit ruht wg. politischer Unruhen)<\/li>\n<li>Mitglied im Verein &#8222;Die F\u00f6rderer&#8220; in Landshut (Landshuter Hochzeit)<\/li>\n<li>Mitglied im Berufsverband VPT (Physiotherapeuten)<\/li>\n<li>F\u00f6rdermitglied Bayerisches Rotes Kreuz<\/li>\n<\/ul>\n<p style=\"text-align: center;\"><img loading=\"lazy\" decoding=\"async\" class=\"alignnone size-medium wp-image-26\" src=\"https:\/\/walter-kilian.de\/wpfw\/wp-content\/uploads\/2017\/04\/Bild_03_2_kl-214x300.png\" alt=\"\" width=\"214\" height=\"300\" srcset=\"https:\/\/walter-kilian.de\/wpfw\/wp-content\/uploads\/2017\/04\/Bild_03_2_kl-214x300.png 214w, https:\/\/walter-kilian.de\/wpfw\/wp-content\/uploads\/2017\/04\/Bild_03_2_kl.png 571w\" sizes=\"auto, (max-width: 214px) 85vw, 214px\" \/><\/p>\n","protected":false},"excerpt":{"rendered":"<p>private Einblicke Lebenslauf: geboren am 09.09.1964 in M\u00fcnchen eingeschult in Landshut Berg Schulabschluss Mittlere Reife in Realschule der Ursulinen in Landshut Staatsexamen nach Berufsfachschule f\u00fcr Masseure und medizinische Bademeister in Pfarrkirchen (Zweckverband Bad Birnbach) angestellte Besch\u00e4ftigung als Masseurin und med. Bademeisterin in Bad Reichenhall, in Starnberg und Landshut Seit 1990 selbstst\u00e4ndig mit eigener Praxis f\u00fcr &hellip; <a href=\"https:\/\/walter-kilian.de\/wpfw\/?page_id=71\" class=\"more-link\"><span class=\"screen-reader-text\">\u201eprivate Einblicke\u201c <\/span>weiterlesen<\/a><\/p>\n","protected":false},"author":1,"featured_media":0,"parent":0,"menu_order":0,"comment_status":"closed","ping_status":"closed","template":"","meta":{"footnotes":""},"class_list":["post-71","page","type-page","status-publish","hentry"],"_links":{"self":[{"href":"https:\/\/walter-kilian.de\/wpfw\/index.php?rest_route=\/wp\/v2\/pages\/71","targetHints":{"allow":["GET"]}}],"collection":[{"href":"https:\/\/walter-kilian.de\/wpfw\/index.php?rest_route=\/wp\/v2\/pages"}],"about":[{"href":"https:\/\/walter-kilian.de\/wpfw\/index.php?rest_route=\/wp\/v2\/types\/page"}],"author":[{"embeddable":true,"href":"https:\/\/walter-kilian.de\/wpfw\/index.php?rest_route=\/wp\/v2\/users\/1"}],"replies":[{"embeddable":true,"href":"https:\/\/walter-kilian.de\/wpfw\/index.php?rest_route=%2Fwp%2Fv2%2Fcomments&post=71"}],"version-history":[{"count":9,"href":"https:\/\/walter-kilian.de\/wpfw\/index.php?rest_route=\/wp\/v2\/pages\/71\/revisions"}],"predecessor-version":[{"id":319,"href":"https:\/\/walter-kilian.de\/wpfw\/index.php?rest_route=\/wp\/v2\/pages\/71\/revisions\/319"}],"wp:attachment":[{"href":"https:\/\/walter-kilian.de\/wpfw\/index.php?rest_route=%2Fwp%2Fv2%2Fmedia&parent=71"}],"curies":[{"name":"wp","href":"https:\/\/api.w.org\/{rel}","templated":true}]}}